at is the hundred millions digit of 288999372?
2
What is the hundreds digit of 4499551441?
4
What is the hundred millions digit of 718624727?
7
What is the ten thousands digit of 101179483?
7
What is the units digit of 976178742?
2
What is the billions digit of 1739828682?
1
What is the tens digit of 989857840?
4
What is the millions digit of 1863756891?
3
What is the units digit of 206850225?
5
What is the tens digit of 54692080?
8
What is the tens digit of 1462014262?
6
What is the millions digit of 921940851?
1
What is the thousands digit of 22588967?
8
What is the ten thousands digit of 252175638?
7
What is the hundreds digit of 7909869?
8
What is the ten millions digit of 10568799?
1
What is the units digit of 1486429434?
4
What is the hundreds digit of 1395167379?
3
What is the tens digit of 132984210?
1
What is the units digit of 6167224379?
9
What is the units digit of 7749614403?
3
What is the units digit of 23931624?
4
What is the ten thousands digit of 100820868?
2
What is the tens digit of 1623107803?
0
What is the millions digit of 4587294791?
7
What is the hundred millions digit of 194904524?
1
What is the units digit of 321350188?
8
What is the millions digit of 401350265?
1
What is the ten millions digit of 1430607336?
3
What is the hundreds digit of 2316132155?
1
What is the hundreds digit of 53937463?
4
What is the thousands digit of 87247169?
7
What is the units digit of 182084865?
5
What is the hundred millions digit of 9434436220?
4
What is the ten millions digit of 1021481523?
2
What is the tens digit of 139499345?
4
What is the ten thousands digit of 237625067?
2
What is the hundred thousands digit of 29862051?
8
What is the billions digit of 3324821721?
3
What is the ten thousands digit of 754896614?
9
What is the thousands digit of 1190403021?
3
What is the millions digit of 3621823997?
1
What is the hundreds digit of 444255264?
2
What is the millions digit of 63392457?
3
What is the thousands digit of 765583839?
3
What is the millions digit of 59736128?
9
What is the ten millions digit of 26006149?
2
What is the tens digit of 1445375132?
3
What is the hundreds digit of 860636579?
5
What is the ten millions digit of 981802810?
8
What is the ten millions digit of 188214042?
8
What is the tens digit of 276129032?
3
What is the units digit of 29693034?
4
What is the thousands digit of 359904196?
4
What is the tens digit of 1903926983?
8
What is the thousands digit of 324463110?
3
What is the hundreds digit of 150604674?
6
What is the hundreds digit of 23812840?
8
What is the ten millions digit of 798192555?
9
What is the hundred millions digit of 508177284?
5
What is the hundred thousands digit of 654487460?
4
What is the ten thousands digit of 39475875?
7
What is the ten millions digit of 149089207?
4
What is the millions digit of 207072754?
7
What is the hundreds digit of 2026874098?
0
What is the hundred millions digit of 407044561?
4
What is the hundreds digit of 352470203?
2
What is the ten thousands digit of 310085193?
8
What is the hundred millions digit of 159953470?
1
What is the thousands digit of 1123348764?
8
What is the tens digit of 406609444?
4
What is the ten thousands digit of 242701964?
0
What is the hundred millions digit of 407908665?
4
What is the millions digit of 186331068?
6
What is the millions digit of 3348903?
3
What is the tens digit of 1704239202?
0
What is the hundred millions digit of 2748250385?
7
What is the millions digit of 1966614693?
6
What is the tens digit of 1128724996?
9
What is the ten millions digit of 500476875?
0
What is the ten millions digit of 149147178?
4
What is the hundred millions digit of 3329154180?
3
What is the hundreds digit of 569788632?
6
What is the ten thousands digit of 65199566?
9
What is the units digit of 282717832?
2
What is the hundreds digit of 120036649?
6
What is the ten thousands digit of 1674009553?
0
What is the ten millions digit of 7286644085?
8
What is the units digit of 1051618809?
9
What is the tens digit of 4013256164?
6
What is the ten millions digit of 135592843?
3
What is the millions digit of 57839079?
7
What is the ten millions digit of 573498265?
7
What is the ten millions digit of 124547732?
2
What is the thousands digit of 38512194?
2
What is the hundreds digit of 23228081?
0
What is the hundred millions digit of 163256143?
1
What is the units digit of 1148195117?
7
What is the ten millions digit of 94489703?
9
What is the millions digit of 86017644?
6
What is the ten millions digit of 4572902517?
7
What is the millions digit of 101228845?
1
What is the ten thousands digit of 1676450910?
5
What is the ten millions digit of 41916857?
4
What is the hundred thousands digit of 208320119?
3
What is the thousands digit of 1763905314?
5
What is the thousands digit of 3756050087?
0
What is the hundreds digit of 6275945?
9
What is the ten thousands digit of 816722397?
2
What is the thousands digit of 31864799?
4
What is the units digit of 996245?
5
What is the millions digit of 36724017?
6
What is the hundred thousands digit of 46412797?
4
What is the hundreds digit of 271737399?
3
What is the ten thousands digit of 56128186?
2
What is the ten thousands digit of 7756954365?
5
What is the hundreds digit of 119121154?
1
What is the ten thousands digit of 166740305?
4
What is the billions digit of 1146706605?
1
What is the ten thousands digit of 228757138?
5
What is the millions digit of 257640406?
7
What is the tens digit of 366655640?
4
What is the hundred thousands digit of 2571669262?
6
What is the tens digit of 51594748?
4
What is the ten thousands digit of 225237936?
3
What is the hundred thousands digit of 68933789?
9
What is the ten millions digit of 1013173753?
1
What is the ten thousands digit of 244623431?
2
What is the hundreds digit of 27678102?
1
What is the ten thousands digit of 118592829?
9
What is the units digit of 34839495?
5
What is the hundreds digit of 240071609?
6
What is the tens digit of 101767137?
3
What is the hundred thousands digit of 976180945?
1
What is the thousands digit of 1036457655?
7
What is the units digit of 223138076?
6
What is the thousands digit of 469430447?
0
What is the hundreds digit of 269240926?
9
What is the tens digit of 87606949?
4
What is the billions digit of 1498511159?
1
What is the ten thousands digit of 3586220818?
2
What is the ten thousands digit of 821854696?
5
What is the millions digit of 398445988?
8
What is the thousands digit of 1083054540?
4
What is the hundred millions digit of 1054208867?
0
What is the units digit of 44364351?
1
What is the ten millions digit of 573305086?
7
What is the ten thousands digit of 659488774?
8
What is the units digit of 802235460?
0
What is the thousands digit of 256549555?
9
What is the ten thousands digit of 101434640?
3
What is the hundreds digit of 4424812?
8
What is the hundreds digit of 2658936895?
8
What is the millions digit of 26293114?
6
What is the units digit of 122081890?
0
What is the millions digit of 251755190?
1
What is the tens digit of 1229593824?
2
What is the ten millions digit of 1541145136?
4
What is the billions digit of 2193601276?
2
What is the ten millions digit of 5737516373?
3
What is the units digit of 46694065?
5
What is the hundred thousands digit of 28332415?
3
What is the tens digit of 82464691?
9
What is the thousands digit of 350503?
0
What is the hundred thousands digit of 760885476?
8
What is the thousands digit of 1023502594?
2
What is the thousands digit of 237828002?
8
What is the hundred thousands digit of 1509982248?
9
What is the hundred thousands digit of 309027154?
0
What is the thousands digit of 2395629703?
9
What is the units digit of 1518246892?
2
What is the units digit of 141489119?
9
What is the tens digit of 1420691620?
2
What is the hundred millions digit of 186026922?
1
What is the hundreds digit of 70475510?
5
What is the thousands digit of 115580369?
0
What is the thousands digit of 1814094014?
4
What is the thousands digit of 25570315?
0
What is the hundreds digit of 139475446?
4
What is the tens digit of 322562620?
2
What is the ten thousands digit of 2526678590?
7
What is the units digit of 80004074?
4
What is the hundred millions digit of 511836222?
5
What is the hundred millions digit 